3*b - 4*h - 80. Let x(w) = w + 10. Let k be x(0). What is the highest common factor of b and k?
10
Suppose 5*y = -2*l + 848, -7*l + 516 = 3*y - 4*l. Let o(x) = 5*x**2 + x + 2. Let w be o(2). What is the highest common divisor of w and y?
24
Let x be (-15)/3 + 1 - -5. Calculate the greatest common factor of x and 2.
1
Let s be (-2)/3 - 32/(-12). Let y be (1 - 2)/(s/(-180)). What is the highest common factor of 10 and y?
10
Let i be (3 - 10)*(-12)/14. What is the greatest common divisor of 6 and i?
6
Let w = -53 - -54. Let k(g) = -g**3 + g**2 + 5. Let d be k(0). Calculate the greatest common factor of w and d.
1
Suppose 12 = 5*i - 2*m, m - 4 + 0 = 0. What is the highest common divisor of i and 4?
4
Let x = 25 - 23. Calculate the highest common divisor of x and 5.
1
Let q(z) = -z**2 + 7*z + 2. Let l be q(4). Calculate the greatest common factor of l and 35.
7
Let z be ((-9)/(-6))/((-1)/(-14)). What is the greatest common factor of z and 189?
21
Let s = -82 + 126. Let i = s + -26. Calculate the highest common divisor of 3 and i.
3
Suppose 4*u - 20 = -q, -7*u + 56 = 4*q - 3*u. Let c be q*(10 + -3 + -2). What is the greatest common divisor of 24 and c?
12
Suppose 2*d - 4*d = -34. Let c be (-8)/28 - (-1010)/7. Suppose -3*l = -c + 42. Calculate the greatest common factor of d and l.
17
Suppose 344 = -5*j + 6*j. Suppose 4*f = -104 + j. What is the highest common factor of 12 and f?
12
Let x(c) = 9*c**2 - 5*c + 1. Let s be x(-4). What is the greatest common factor of 15 and s?
15
Suppose -4*o + o + n + 8 = 0, 2*o + 4*n = 24. Suppose -17 = 5*x + 23. Let m be (-66)/x - 2/8. Calculate the greatest common divisor of m and o.
4
Suppose 0 = -3*v + 3, 4*y = -2*v - 0*v + 42. Suppose 2*p - 18 = -2*x - 0*x, -p + 19 = 3*x. What is the greatest common divisor of y and x?
5
Let q be 1/(145/72 - 2). Suppose -2*g + 3*y - 7*y = 216, 3*g = 4*y - 284. Let f be g/(-12) + 2/3. What is the greatest common divisor of f and q?
9
Let x(m) = m + 6. Let i be x(3). Suppose -k = -121 - i. What is the greatest common factor of k and 26?
26
Let k = -3 + 38. Calculate the highest common divisor of 5 and k.
5
Let j = -60 - -62. Calculate the highest common divisor of 2 and j.
2
Suppose 5*l - 2*b = 25, b = -3*l - 0*b + 26. Let r(g) = -g + 2*g**2 + 4 - 8*g + 3. Let p be r(8). What is the highest common factor of p and l?
7
Let d be (-14 - -5)/((-1)/(112/12)). What is the highest common factor of d and 4?
4
Suppose -3*g = -6 - 9. What is the greatest common divisor of g and 20?
5
Suppose 19 + 27 = 2*u. Suppose -4*g + 192 = 2*p, 170 = 3*p + 4*g - 108. Suppose 293 - p = q. What is the highest common factor of u and q?
23
Let v be (1 - 0)*(11 - 1). Let x be 4/v - 256/(-10). Let r = -31 + 96. Calculate the greatest common factor of x and r.
13
Suppose 0*r = -r + 4*y, -r = 5*y. Suppose r = 4*k + p - 3*p - 96, p = k - 25. Calculate the highest common divisor of k and 23.
23
Let g be 8/(-20) + 97/5. Let k = g + -13. What is the highest common factor of k and 24?
6
Let z = 15 - 4. Calculate the greatest common divisor of z and 33.
11
Suppose -5*d = 3*p - 56, 5*p - 4*d = -d + 82. Calculate the greatest common factor of p and 17.
17
Let g = 14 + -11. Suppose 0 = -4*h - h + m + 15, -4*m = -h + g. What is the greatest common factor of 3 and h?
3
Suppose -56 = -20*u + 18*u. Let m(i) = -i - 6. Let z be m(0). Let b be 1/(-3)*7*z. Calculate the greatest common factor of b and u.
14
Let l(i) = 29*i + 1. Let y be l(1). Let o = 105 + -95. Calculate the greatest common divisor of y and o.
10
Let b be (-16)/(-12)*18/(-4). Let y be b*-3*(-1)/(-2). What is the highest common divisor of y and 99?
9
Suppose 10*f + 3*v = 5*f + 10, 0 = -2*f + 5*v + 35. Let a = -2 + f. Suppose 2*x = 49 + a. What is the highest common factor of x and 39?
13
Let f be (8/(-10))/(4/(-90)). Suppose 5*i + 4*c = 360, 0 = i + c - 72. What is the greatest common factor of f and i?
18
Suppose d + 2*d + 3*n = 3, d + 4*n + 14 = 0. Suppose g - 7 - 59 = 0. What is the greatest common divisor of d and g?
6
Suppose -128 = n - 5*n. Let g(y) = 16*y. Let c be g(3). What is the greatest common factor of c and n?
16
Let i(q) = 13*q**2 - q. Suppose v = -0*y + 3*y - 4, 3*y - 6 = 3*v. Let f be i(v). Calculate the greatest common divisor of f and 7.
7
Let d(l) = -l + 7 + 4 + 0. Let a be d(8). Suppose a*x - 40 = -0*x - 4*i, 0 = -2*x + 4*i + 20. What is the highest common factor of x and 12?
12
Suppose 0*c = -2*c + 506. Calculate the highest common factor of c and 23.
23
Suppose 2*z - t - 2 = 0, -5*z = -0*z - 2*t - 6. Suppose 1 - 23 = -z*w. What is the highest common divisor of 99 and w?
11
Let a be ((-14)/(-3))/((-4)/(-42)). Suppose 6*d - 3*d = 3, 0 = -q + d + 1. Let v be ((-7)/q)/((-2)/4). Calculate the greatest common divisor of a and v.
7
Let d = 17 - 67. Let r = 48 - d. Calculate the highest common factor of 14 and r.
14
Let o(i) = 9*i**3 - i**2 + i - 1. Suppose -3*p = p - 4. Let v be o(p). What is the highest common factor of v and 12?
4
Let w = 117 - 81. Calculate the highest common factor of w and 27.
9
Suppose 0 = -3*j - 0*j. Suppose j = -3*p - p. Let c(q) = q**2 + q + 17. Let d be c(p). What is the greatest common factor of d and 119?
17
Suppose 5*u + 6 = 7*u. Suppose u*z + 1 = 2*z. Let w be (-2)/(2*z/4). Calculate the greatest common factor of 16 and w.
4
Suppose d + 3*d = 5*f - 5, d = -f + 10. Let r = 9 + f. What is the highest common divisor of r and 21?
7
Suppose 8*l + 18 = 10*l. Calculate the greatest common divisor of 3 and l.
3
Suppose y + 0*y - 95 = -3*j, 0 = -5*j + 3*y + 135. Suppose 5*t - 116 = 4. Let h be t/3 + (-4 - -6). What is the greatest common factor of h and j?
10
Let f be 2/(-5) - (-4)/10. Let x = 4 + f. What is the greatest common divisor of 28 and x?
4
Let p(i) = 5*i**2 + 3*i - 2. Let x be p(3). Suppose -9*v = 23 - 140. Calculate the greatest common divisor of x and v.
13
Let n = -52 + 120. Let o be (-1 - (-3)/6)*-40. Let f = 37 - o. Calculate the highest common divisor of f and n.
17
Let k(g) = g**2 + 6*g + 4. Let m be k(-5). Let q = m + 8. What is the greatest common factor of q and 49?
7
Suppose 0 = 2*n + 13 + 7. Let r = 32 + n. Calculate the greatest common factor of r and 66.
22
Suppose 4*b = 5*b - 13. Suppose 0 = -m - 0 + 13. Calculate the highest common factor of m and b.
13
Let w = 124 + -64. Let u = -4 - -16. Calculate the greatest common factor of w and u.
12
Suppose 2*o = -s + 60, 2*o + o = 2*s + 90. What is the highest common divisor of 30 and o?
30
Let w(x) = -x + 9. Let l be w(5). Suppose -5*f + 24 = l. Suppose -2*k - 108 = -5*k. Calculate the highest common divisor of k and f.
4
Let q = 9 + -3. Suppose -5*w = -4*w - 9. Calculate the highest common divisor of q and w.
3
Let g = 84 - -105. What is the greatest common factor of 21 and g?
21
Suppose 2*a = 4*a + 4. Let l = 11 - a. What is the greatest common divisor of 91 and l?
13
Let q(l) = -l**2 + 10*l - 6. Let i be q(9). Let n be ((-116)/10)/(2/(-10)). Let h be 6/(-27) - n/(-18). What is the greatest common divisor of i and h?
3
Let b(y) = -18*y - 8. Let w be b(-2). What is the greatest common divisor of w and 4?
4
Let n = -5 + -23. Let x = 14 - n. Calculate the greatest common factor of x and 14.
14
Let v be -141*3/(-18) - 1/2. Calculate the highest common factor of 161 and v.
23
Suppose -671 + 278 = 3*p. Let d = p - -221. Calculate the highest common factor of d and 10.
10
Let j = 31 - 15. Suppose 24 + j = 2*f. What is the greatest common divisor of 4 and f?
4
Suppose -r - 5 = -6*r. Let x be r/(-4) + 193/4. Suppose 0 = -5*k + 4*m + 50, 2*k - 4*m = -0*m + 32. Calculate the highest common divisor of k and x.
6
Let p(a) = a**2 - 11*a + 14. Let n be p(10). Let t = -3 + 1. Let x = t + 14. What is the highest common divisor of n and x?
4
Let d(f) = -f**3 + 7*f**2 - 14. Let n be d(5). What is the greatest common divisor of n and 12?
12
Suppose 81 - 241 = -8*j. Let p be 0*-2*(-1)/4. Suppose 126 + 136 = 5*a - 4*t, p = -3*a - 5*t + 135. Calculate the highest common factor of a and j.
10
Let f be (-23)/(-5) + ((-36)/(-15))/(-4). Suppose -11 = -4*x + 5. Suppose 0 = 2*u, 100 = -x*t + 9*t - 5*u. What is the highest common factor of f and t?
4
Let c = -18 + 49. Let j = -7 + c. Calculate the greatest common factor of 60 and j.
12
Suppose -2*z + r = -17, 0 = 9*r - 4*r + 15.